ist the prime factors of p(5).
2
Let p be ((-16 - -3) + 2)*-1. Let v(i) = -i + 12*i**2 - 16 - 8*i - 2*i**3 + i**3. What are the prime factors of v(p)?
2, 3
Suppose -273 = -5*k - 58. List the prime factors of k.
43
Let j = 22 + -19. What are the prime factors of j/5 - 160/(-25)?
7
Suppose -3*u = -6*u + 15. Let f = u + -2. Suppose 2*s + 9 = f*s. List the prime factors of s.
3
Suppose k - 32 = -0*k. Suppose -5*b + 78 + k = 0. What are the prime factors of b?
2, 11
Let b(t) = t**2 + 19*t + 71. List the prime factors of b(-24).
191
List the prime factors of (-1 - 53)*(200/(-12))/5.
2, 3, 5
Let i(x) = 2*x - 3*x + 8 + 0*x + 1. List the prime factors of i(4).
5
Let r(h) be the third derivative of -h**5/60 + 5*h**4/24 + 5*h**3/6 - 2*h**2. Let d be r(5). Let w = 15 - d. List the prime factors of w.
2, 5
Let x(k) = -3*k + 1. Suppose 10 = 2*i, 3*j + 7 = -4*i + 48. Let c(l) = -l**3 + 8*l**2 - 8*l + 6. Let y be c(j). List the prime factors of x(y).
2
Suppose c - 289 = -3*m, -5*m = -4*c - 636 + 126. Suppose -4*n - 10 + m = 0. What are the prime factors of n?
2, 11
Suppose -3*z + 2*f - 4*f + 8 = 0, -4*z = -3*f + 12. Suppose o - 3*o - 12 = z. List the prime factors of -2 + o/(-3) + 10.
2, 5
Let u(x) be the third derivative of -x**4/12 + x**3/2 - 5*x**2. List the prime factors of u(-5).
13
Suppose 334 = 9*m - 863. List the prime factors of m.
7, 19
Let n be (0 - (-1 + 0))*21. Suppose -4*t + 4*f + 164 = 0, 5*t + 8*f - 165 = 3*f. Let v = t - n. List the prime factors of v.
2
Let j = 4 + -2. Suppose j = -2*v + 84. Suppose 0 = 4*h - v + 1. List the prime factors of h.
2, 5
List the prime factors of ((-6)/(-3))/(3/36).
2, 3
Let z(p) = -1 - p**3 - 2*p + 5*p**2 - 8 + 12. List the prime factors of z(4).
11
What are the prime factors of (4 + (-1)/1)*(-2 - -21)?
3, 19
Let a = 0 - 0. Suppose a = k - 1 + 4. Let j(c) = 2*c**2 + 3*c + 4. List the prime factors of j(k).
13
Suppose -3 = -3*c + 2*c. Suppose -w = c*y + 4*w - 8, -2*y + 3*w = -37. What are the prime factors of y?
11
Let x(n) = -n**3 + 8*n**2 + 16*n + 13. List the prime factors of x(9).
2, 19
Suppose 3*t = 5*t - 14. Let v = -5 - -1. Let g = t - v. What are the prime factors of g?
11
Let n(d) = -d + 12. Let g(y) = 3*y - 37. Let x(j) = -3*g(j) - 8*n(j). What are the prime factors of x(11)?
2
Suppose -3*g + 4 = -2. Suppose -n + g*n + 14 = 0. Let i = n - -21. List the prime factors of i.
7
Let k = -213 - -254. What are the prime factors of k?
41
Suppose 5*b + 20 = -0*b. Let m(u) be the third derivative of -u**4/24 + u**3/6 + 12*u**2. List the prime factors of m(b).
5
Let g be 2/(-6)*(-3 + -6). Let t = g - -24. Suppose -t = h - 4*h. What are the prime factors of h?
3
Suppose -11*h + 8*h + 12 = 0. List the prime factors of h.
2
Let k = -16 + 13. List the prime factors of 252/48 + k/(-4).
2, 3
Let s = -1 + 21. Suppose o - 6*o = -s. What are the prime factors of 18/o + 1/2?
5
List the prime factors of -5*24/(-4) + 1.
31
Let o(i) = i + 1. Let q(u) = -7*u - 7. Let w(r) = -5*o(r) - q(r). Suppose -4*y + 2*z + 22 = 0, -2*y - 9 = 3*z - 0*z. What are the prime factors of w(y)?
2
Let z be (-12)/10*5/(-2). Suppose 0 = -3*s + 1 + 2, -5*i + 48 = z*s. Let x = i - 6. What are the prime factors of x?
3
Let t = -84 - -166. What are the prime factors of t?
2, 41
Let k(w) be the first derivative of -w**4/4 - w**3 - 3*w**2/2 - 8. Suppose 0*o = -o - 3. List the prime factors of k(o).
3
What are the prime factors of (-272)/(-6) + (-52)/(-78)?
2, 23
Suppose t + 15 = z - 9, 0 = -4*z - 4*t + 112. List the prime factors of z.
2, 13
Let k be ((-2)/2)/((-4)/68). Suppose 0 = 5*o - 2*h - 129, -4*h - 125 = -4*o - k. What are the prime factors of o?
5
Let m(t) = -2*t**3 + 2*t**2 + 2*t + 1. List the prime factors of m(-2).
3, 7
What are the prime factors of 162 - ((1 - 5) + -1)?
167
Let i(d) = 104*d - 9. List the prime factors of i(3).
3, 101
Let v = -43 + 80. Suppose 3*y = v - 1. What are the prime factors of y?
2, 3
Let p = -1 - 1. Let o be (-40)/(-12) - (-3)/(-9). List the prime factors of 4*(2 + o/p).
2
Let y(j) = -j**3 - 6*j**2 - 4. Let b be y(-6). List the prime factors of b/(-3)*15/2.
2, 5
Let k(s) = -s**3 + 8*s**2 + 12*s - 11. List the prime factors of k(9).
2
Suppose 81 = 2*x + x. Suppose g + 0*g = x. List the prime factors of g.
3
Let o(y) = y**2 - 16*y + 9. Let x be o(10). Let n be (-4)/(-2)*x/(-6). Let v = -8 + n. List the prime factors of v.
3
Suppose 3*n - 3 = 2*n. Suppose -25 = n*g + 2. List the prime factors of -12*3/g*2.
2
Suppose 3*t - 5*r = 794, 2*r + 264 = -3*t + 4*t. List the prime factors of t.
2, 67
Suppose -4*x + 8 = 0, -2*x - 26 = -2*c - 6*x. What are the prime factors of c?
3
Let u(j) = -j**2 + 6*j + 9. Let b be u(7). Suppose -b*a = -7*a + 55. What are the prime factors of a?
11
Suppose 0*q = -3*r - 5*q - 17, -5*r - q + 1 = 0. Let y be 21/(r + 0) + 0. Suppose y + 34 = 5*g. What are the prime factors of g?
11
Let z(c) = -353*c**2 + 1. Let m be z(1). What are the prime factors of 3/(-1) - m/11?
29
Suppose 0 = h + 3, 8*a - 3*a - h = 173. List the prime factors of a.
2, 17
Let q = 7 + -5. Let d(x) = -21*x + 5. Let k(y) = -14*y + 3. Let l(s) = 5*d(s) - 8*k(s). List the prime factors of l(q).
3, 5
Suppose 0*t + 5*t = 0. Let j(d) = d + 9 - 4 + t*d. List the prime factors of j(0).
5
Let u be 118/3 + (-2)/6. Suppose -5*q = 2*f - u - 24, -2*q + 18 = -f. Suppose -2*m - 36 = -3*z - q, -m + 46 = 5*z. What are the prime factors of z?
3
Let p = 4 - -4. Let l(y) = -7*y**2 + y**3 + 1 + y - 5 - y**2. What are the prime factors of l(p)?
2
Let p be -2 + 25 + -4 + 2. Let y be 90/p - 4/14. Let u = -1 + y. What are the prime factors of u?
3
Let h be 1/(-6) - 147/(-18). Let z = 8 - h. Suppose -16 + z = -c. What are the prime factors of c?
2
Let i(y) = 6 - 3*y**2 - 2 - 6*y + 4*y**2. Suppose 16*p = 21*p - 30. What are the prime factors of i(p)?
2
Let j be (-6)/((-1)/(-3)*-2). Suppose 4*p + 4 = 2*f, 0 = 5*f + 3*p - 0*p + 16. List the prime factors of (j/15)/(f/(-10)).
3
Let o = -8 + 2. Let v = o - -3. Let l(s) = -6*s - 3. What are the prime factors of l(v)?
3, 5
Suppose -5*p - 3*m + 177 + 1303 = 0, -3*m - 1480 = -5*p. What are the prime factors of p?
2, 37
Let l = 14 - 9. What are the prime factors of l?
5
Let x(w) = -3*w + 20. List the prime factors of x(6).
2
Let d(s) = -s**2 + 8*s - 3. Let g be d(8). Let k = g - -15. What are the prime factors of k?
2, 3
Let k(u) = -2*u**3 - 3*u - 2. List the prime factors of k(-2).
2, 5
Let s(h) = -61*h + 1. What are the prime factors of s(-5)?
2, 3, 17
Let i be 3*(-1)/3*4. Let u = i - 4. Let v = 16 + u. What are the prime factors of v?
2
Let j(y) = -y**3 - 3*y**2 + 2*y - 3. Let c(d) = -2*d + 4. Let q be c(-8). Suppose 0 = 4*z + z + q. List the prime factors of j(z).
5
What are the prime factors of (36/27)/((-3)/(-261))?
2, 29
Suppose 5*x - 91 = -3*y, y - x = -3*y + 129. Suppose 2*g - y = 8. What are the prime factors of g?
2, 5
Suppose 83 = -3*p - 223. What are the prime factors of ((-5)/15)/(2/p)?
17
Let t = 133 - 215. Let y = -43 - t. List the prime factors of y.
3, 13
Suppose 321 = 5*j + 2*s - 707, -2*s = j - 212. List the prime factors of j.
2, 3, 17
Suppose 5*s = 3*s + 2. What are the prime factors of ((-68)/(-8))/(s/2)?
17
Suppose l + 0*l + 2 = 0. Let y = l + 6. Suppose g - 6 + 3 = 0, -g = y*k - 27. List the prime factors of k.
2, 3
Let j(i) = i**2 - 8*i - 12. Let z be j(11). What are the prime factors of 1/(-3) - z/(-9)?
2
Let q = 102 - 54. Let i = 96 - q. What are the prime factors of i?
2, 3
Let c(s) = -6*s + 2. What are the prime factors of c(-13)?
2, 5
Suppose 3*p + 9 = -45. Let c = 35 + -2. Let n = c + p. What are the prime factors of n?
3, 5
Let n(w) = 8*w + 19. Let l be n(-4). Suppose d - 30 = -0*d. Let p = l + d. What are the prime factors of p?
17
Suppose -5*y + 4*y = -5*w + 30, -5*w - 5*y = 0. Suppose 5*v + 17 - 49 = -2*g, w*v + 3*g = 33. What are the prime factors of v?
2, 3
Let d = 52 - 30. Suppose -3*u + d = -0*u - 5*h, 3*h = u - 10. Let b = u - 1. What are the prime factors of b?
3
Suppose 3*a - 1 = 8. Let p be (-3)/a*(-6)/(-2). List the prime factors of 30/8 - p/12.
2
Suppose n - 15 - 21 = 0. List the prime factors of n.
2, 3
Let z be (-1)/(-1)*(1 - 1). Suppose -5*w + 100 = -z*w. What are the prime factors of w?
2, 5
Suppose 5*o + 5*c - 225 = 0, -2*o = -4*o - 5*c + 105. List the prime fact